o = -44 + 44. Suppose o*n - 6*n = -522. What is the units digit of n?
7
Let z(c) = c - 11. Let x be z(14). Suppose 93 + x = 4*j. What is the units digit of j?
4
What is the units digit of (2124/21)/(6/28)?
2
Let s = 38 - 34. Let z be (s/8)/((-3)/(-54)). What is the tens digit of (-10 + z)/((-1)/66)?
6
Suppose 17 = 4*m + 1, 2*o - 458 = -4*m. What is the hundreds digit of o?
2
Let q be 386/10 + (-27)/45. Let f = q + -14. What is the tens digit of 6/8 + 726/f?
3
Suppose 3*a + a - 160 = 0. Let n = a - -7. What is the units digit of n?
7
Let s = -19 - -27. Suppose -5*a + 4*a = s. What is the units digit of 62 - -1 - a/(-4)?
1
Suppose -361*n = -342*n - 17081. What is the tens digit of n?
9
Suppose -1104 = 21*p - 71580. What is the units digit of p?
6
Let b = 94 + 491. What is the units digit of b?
5
Let z = -63 - -66. Suppose -98 = -3*s + 5*a, -3*a + 41 = -z*s + 149. What is the units digit of s?
1
Let v(j) = j**3 - 3*j**2 - 5*j - 4. Let z be v(-2). What is the units digit of (-4)/z + (-1396)/(-14)?
0
Let i(m) = -15*m + 33. Let v(d) = -d + 2. Let a(n) = -2*i(n) + 33*v(n). Suppose 22 = -2*o + 3*l, -37 = 7*o - 2*o - 3*l. What is the units digit of a(o)?
5
Let f = 26 + -25. Suppose -2*u = -5*g - 25, 0 = 2*u + 2*g + f - 5. What is the units digit of u?
5
Let q(r) = 2*r**3 + 8*r**2 + 3*r + 6. Let i be q(-4). What is the hundreds digit of 136/(-3)*(i - -3)?
1
Let h(f) = -f**2 + 10*f + 1. Let v be h(10). Suppose 0 = 2*y - v - 5. What is the tens digit of (170/15)/(1/y)?
3
Let l(n) = 23*n**2 + 4*n - 2. Let y(k) = k - 1. Let p be y(-1). Let w be l(p). Suppose -30 = -v - 3*i, -3*v + 2*i - 3*i = -w. What is the units digit of v?
7
Let f be (-69)/12*(1 - 5). Let j be 0 + 0 - (1 + -6). Suppose -i - j + f = 0. What is the tens digit of i?
1
Let z = -7152 + 11067. What is the units digit of z?
5
Let a = 12 - 12. Let v = 4 - a. Let x = 1 + v. What is the units digit of x?
5
Suppose 0 = -48*c + 142*c - 256996. What is the units digit of c?
4
What is the hundreds digit of 0 - 2616/(-9 + 6)?
8
Let w = 2912 - 1646. What is the tens digit of w?
6
What is the tens digit of -14 + 380 + (0 - 0)?
6
Let x = -776 + 2511. What is the hundreds digit of x?
7
Let b(l) = -12 + 57*l + 56*l - 15*l**2 + l**3 - 128*l. Let j be b(16). Suppose h = 20 + j. What is the units digit of h?
4
Suppose 2*b + 3*b = -15. Let h = b + 6. What is the tens digit of h/(-6) + 291/6?
4
Suppose -o = -18*i + 13*i + 8800, -2*i = -5*o - 3543. What is the hundreds digit of i?
7
Suppose -2*i = 2*i - 16, i = 3*r - 128. What is the units digit of r?
4
Let k(f) = -2*f**3 - 8*f**2 - 13*f + 14. What is the tens digit of k(-8)?
3
Let k(n) = 5*n**2 - n + 1. Let o be k(1). Suppose 0 = -2*s - 5*a - 53 + 179, 348 = 5*s - 4*a. What is the tens digit of s/o - 8/(-20)?
1
Suppose 4*q - 3052 = 4*p, 2*p + 488 = 4*q - 2574. Suppose 3*y = -3*g + q, y = 3*y + 3*g - 514. What is the units digit of y?
4
Let t be 3/(-30)*6*-195. Let h = t - -20. What is the units digit of h?
7
Suppose o - 3*d + 855 = -312, 2*o + 2367 = -5*d. Let y be ((-3)/9)/(4/o). Let g = -59 + y. What is the tens digit of g?
3
Suppose 355*g - 372*g = -9588. What is the tens digit of g?
6
Suppose -17 + 1 = 4*s. What is the tens digit of (s + 12 + 0)*4?
3
Let i(s) = s**3 + 34*s**2 + 159*s + 49. What is the units digit of i(-22)?
9
Let v = -10 + 10. Let r(p) = -p**2 - 14. Let c be r(v). Let q = 43 + c. What is the tens digit of q?
2
What is the units digit of 4/(-14) - (-2255)/77?
9
Let g be (10 - 6) + -4 - -31. Let s = 2 + 1. Let c = g + s. What is the tens digit of c?
3
Suppose 0 = -4*t + 6*t - 8. Suppose -3*a - 5*k = -216, -t*k + 70 = a - 9. What is the units digit of a?
7
Let g = 14 + -12. Suppose -6*n = -g*n - 360. Suppose 4*q - 16 = 4, 5*b = -q + n. What is the units digit of b?
7
Suppose -11*n + 12*n = -92. Let q = -41 - n. What is the tens digit of q?
5
Suppose -7531 = -21*x + 4*x. What is the hundreds digit of x?
4
Let y(j) be the first derivative of -j**4/4 - 2*j**3/3 + 2*j**2 + 3*j + 112. Let t be (1*4 + 0)*-1. What is the units digit of y(t)?
9
Let p(i) = -6*i**3 + 3*i**2 - i + 3. Let u be p(-3). What is the tens digit of (u/60)/(-1 + 10/8)?
1
Let k = 44 - 45. What is the units digit of 2 + -5 + (40 - 9) - k?
9
Suppose 0 = -4*p + 1116 + 44. Let j = -195 + p. What is the units digit of j?
5
Suppose -9 = -3*d - 4*x + 1, 3*d - 3*x = 3. Let h be 1 - (3 - 1) - -74. Suppose d*b - h = -17. What is the tens digit of b?
2
Let w(l) = l**3 - 2*l**3 - 22 - 17*l**2 - 8*l - 4*l - 11*l. What is the units digit of w(-16)?
0
Suppose -7*s + 10*s + 3 = 0. Let b(q) = -212*q - 5. What is the hundreds digit of b(s)?
2
Let s = 2198 + -1236. What is the units digit of s?
2
Let g = 96 - -124. What is the hundreds digit of g?
2
Let n(w) = 2*w**2 - w + 1. Let j be n(1). Suppose -15 = -q - 2. Suppose -m - q = 5*y - 327, 4*y - 254 = j*m. What is the units digit of y?
3
Let g = 4 + -2. Suppose -6*q + g*q + 12 = 0. Suppose l - 48 = 5*a + 7, 0 = 3*a + q. What is the tens digit of l?
5
Let p = 920 + -648. What is the units digit of p?
2
Let m = 41 + -33. What is the units digit of (-10)/m*(-34 + 6)?
5
Let n(i) = 0 - 3*i**2 + 14*i**2 + i - 7 + 4. What is the tens digit of n(2)?
4
Suppose -5601 = -5*j - 991. What is the units digit of j?
2
Let b(x) = -4*x**2 - x - 11. Let a(f) = -9*f**2 - f - 23. Let t(n) = 3*a(n) - 7*b(n). Let g be t(-12). Suppose 5*h - 61 - g = 0. What is the units digit of h?
3
Let q(m) = 1358*m**2 - 2*m + 2. What is the units digit of q(1)?
8
Let w(z) = -2*z + 16. Let o be w(7). Suppose -9 = -m - o*m. Suppose -f - 21 = -v + 4*f, 0 = 3*v + m*f - 117. What is the tens digit of v?
3
Let g(f) = -f**2 + 17*f. Let a be g(17). Suppose -4*h + 68 = -a*h. Suppose -x + h = -22. What is the units digit of x?
9
Let u be -4 + (1 - 63/(-3)). Let a = u - -39. Suppose -2*p + 61 + a = 0. What is the units digit of p?
9
Let l(r) = 2*r**2 + 7*r - 35. What is the tens digit of l(-18)?
8
Let o = 843 + 109. What is the hundreds digit of o?
9
Let g = 93 + 86. What is the hundreds digit of g?
1
Let f(v) = -v - 5. Let u be f(-5). Suppose u = w - 11 - 0. What is the units digit of w?
1
Let d = 1714 - 681. What is the units digit of d?
3
Suppose -6*t = -3*t - 4*u - 808, -5*u = 20. What is the tens digit of t?
6
Suppose 0*f + 291 = 3*f. Let s = f - 25. What is the tens digit of s?
7
What is the hundreds digit of -11 + 38484/60 - (-9)/15?
6
Let r = -111 - -347. Suppose 7*n = 11*n - r. What is the units digit of n?
9
Let g be (2/(2 + 0))/(7/(-70)). What is the hundreds digit of g/35 - 1488/(-14)?
1
Let n(v) = -30*v - 7 + 5*v + 17. What is the units digit of n(-4)?
0
Let n = 44 + -484. Let g = -228 - n. What is the tens digit of g?
1
Suppose -5*w - 5*v - 290 = 0, -2*w - 3*v + 2*v - 118 = 0. Let k = w - -233. What is the units digit of k?
3
Suppose 0*p = -p + 5. Suppose 0*h = -p*h + 15. Suppose m - 40 = h*o + o, m - 44 = 3*o. What is the units digit of m?
6
Suppose -2*s + 3*s = -2*g + 15, 0 = -4*g - 12. Suppose -2*q = 2*i - 3*i - 17, -2*q = 3*i - s. What is the units digit of q?
9
Let l(y) = -2*y + 639. What is the tens digit of l(-26)?
9
Suppose 39*i + 24684 - 180567 = 0. What is the hundreds digit of i?
9
Suppose 2*u + 2*a - 1560 = 0, 34*u - 2348 = 31*u + a. What is the units digit of u?
2
Let f = 10 - 10. Suppose -9*l + 228 + 987 = f. What is the hundreds digit of l?
1
Let d be 66/10 + (-12)/20. Let g(k) = 13*k - 4. What is the units digit of g(d)?
4
Let r(q) = 6*q**2 + 135*q - 22. What is the hundreds digit of r(-24)?
1
Let d = -511 - -513. What is the units digit of d?
2
Let y(s) = 491*s - 91. What is the hundreds digit of y(2)?
8
Let b(c) = -29*c**3 + c**2 - c + 1. Let t be b(1). Let k be 26/7 + (-8)/t. Suppose 0 = -2*s - h + 41, -h = -2*s - k*h + 31. What is the tens digit of s?
2
Suppose -4*b + 3255 = -2*j - b, 3*j = 4*b - 4882. Let s be j/(-8) - (-9)/12. Suppose 2*t + 2*t - s = 0. What is the units digit of t?
1
Suppose -s + 74 + 822 = 0. What is the hundreds digit of s?
8
Suppose -2*r = -3*w - 1304, 7*w = 2*r + 3*w - 1308. What is the tens digit of r?
4
Let u be 2/(60/52 - 1). Let f = u - 9. Suppose 2*s = -5*a + 24, -4*a = -s + f*s - 43. What is the units digit of s?
7
Suppose 131*i - 129*i - 882 = 0. What is the tens digit of i?
4
Suppose -226*o + 225*o + 4038 = -4*g, 5*o - 4*g - 20